{"id":5,"date":"2019-03-27T14:52:47","date_gmt":"2019-03-27T13:52:47","guid":{"rendered":"http:\/\/new.annasbnb.ch\/?page_id=5"},"modified":"2021-11-02T18:02:25","modified_gmt":"2021-11-02T17:02:25","slug":"home","status":"publish","type":"page","link":"https:\/\/annasbnb.ch\/en\/","title":{"rendered":"Home"},"content":{"rendered":"\n<h1 class=\"wp-block-heading\">Herzlich willkommen in Schwarzsee<\/h1>\n\n\n\n<p>Zentral gelegen und von herrlicher Natur umgeben, bieten wir Ihnen den idealen Ausgangsort f\u00fcr Ihre Skiferien, Wanderungen, Aktivit\u00e4ten rund um den See u.v.m. G\u00f6nnen Sie sich einen Tapetenwechsel und entspannen Sie sich in unseren neuen G\u00e4stezimmern.<\/p>\n\n\n\n<p>Wir freuen uns auf Ihren Besuch!<br>Familie Anna &amp; Oliver Wechsler<\/p>\n\n\n\n<p><\/p>\n\n\n\n<p><\/p>\n\n\n\n\n\n\n<p class=\"has-normal-font-size\"><\/p>\n","protected":false},"excerpt":{"rendered":"<p>Herzlich willkommen in Schwarzsee Zentral gelegen und von herrlicher Natur umgeben, bieten wir Ihnen den idealen Ausgangsort f\u00fcr Ihre Skiferien, Wanderungen, Aktivit\u00e4ten rund um den See u.v.m. G\u00f6nnen Sie sich einen Tapetenwechsel und entspannen Sie sich in unseren neuen G\u00e4stezimmern. Wir freuen uns auf Ihren Besuch!Familie Anna &amp; Oliver Wechsler<\/p>\n","protected":false},"author":1,"featured_media":0,"parent":0,"menu_order":0,"comment_status":"closed","ping_status":"closed","template":"","meta":{"footnotes":""},"class_list":["post-5","page","type-page","status-publish","hentry"],"translation":{"provider":"WPGlobus","version":"3.0.0","language":"en","enabled_languages":["de","fr","en","es","it"],"languages":{"de":{"title":true,"content":true,"excerpt":false},"fr":{"title":false,"content":false,"excerpt":false},"en":{"title":false,"content":false,"excerpt":false},"es":{"title":false,"content":false,"excerpt":false},"it":{"title":false,"content":false,"excerpt":false}}},"_links":{"self":[{"href":"https:\/\/annasbnb.ch\/en\/wp-json\/wp\/v2\/pages\/5","targetHints":{"allow":["GET"]}}],"collection":[{"href":"https:\/\/annasbnb.ch\/en\/wp-json\/wp\/v2\/pages"}],"about":[{"href":"https:\/\/annasbnb.ch\/en\/wp-json\/wp\/v2\/types\/page"}],"author":[{"embeddable":true,"href":"https:\/\/annasbnb.ch\/en\/wp-json\/wp\/v2\/users\/1"}],"replies":[{"embeddable":true,"href":"https:\/\/annasbnb.ch\/en\/wp-json\/wp\/v2\/comments?post=5"}],"version-history":[{"count":45,"href":"https:\/\/annasbnb.ch\/en\/wp-json\/wp\/v2\/pages\/5\/revisions"}],"predecessor-version":[{"id":859,"href":"https:\/\/annasbnb.ch\/en\/wp-json\/wp\/v2\/pages\/5\/revisions\/859"}],"wp:attachment":[{"href":"https:\/\/annasbnb.ch\/en\/wp-json\/wp\/v2\/media?parent=5"}],"curies":[{"name":"wp","href":"https:\/\/api.w.org\/{rel}","templated":true}]}}

<h1 class="wp-block-heading">Herzlich willkommen in Schwarzsee</h1>



<p>Zentral gelegen und von herrlicher Natur umgeben, bieten wir Ihnen den idealen Ausgangsort für Ihre Skiferien, Wanderungen, Aktivitäten rund um den See u.v.m. Gönnen Sie sich einen Tapetenwechsel und entspannen Sie sich in unseren neuen Gästezimmern.</p>



<p>Wir freuen uns auf Ihren Besuch!<br>Familie Anna &amp; Oliver Wechsler</p>



<p></p>



<p></p>






<p class="has-normal-font-size"></p>

<p>Herzlich willkommen in Schwarzsee Zentral gelegen und von herrlicher Natur umgeben, bieten wir Ihnen den idealen Ausgangsort für Ihre Skiferien, Wanderungen, Aktivitäten rund um den See u.v.m. Gönnen Sie sich einen Tapetenwechsel und entspannen Sie sich in unseren neuen Gästezimmern. Wir freuen uns auf Ihren Besuch!Familie Anna &amp; Oliver Wechsler</p>
